-n - 4*n. Let y be 1/n - (-1052)/16. Let z = 126 - y. Calculate the highest common divisor of z and 15.
15
Let q be 5/3*(24 - 6). Suppose q = 3*b + 2*b. Calculate the greatest common factor of 2 and b.
2
Let j(w) = -w**3 + 5*w - 1. Let x be ((-15)/9)/(2/6). Let y be j(x). Suppose 5*b + p = 2 + 38, p - 22 = -3*b. What is the greatest common divisor of b and y?
9
Let y(h) = -8*h - 7*h - 12 + 13*h. Let o be y(-8). Calculate the highest common divisor of 28 and o.
4
Suppose 4*h - n - 57 - 26 = 0, -2*h + 5*n + 55 = 0. What is the greatest common factor of h and 20?
20
Let o(d) = 41*d**2 - 1. Let v be o(-1). What is the highest common divisor of 16 and v?
8
Let q be (-63)/(-6)*12/9. Let y be (-2)/6 - q/(-6). What is the greatest common factor of 20 and y?
2
Let j be (-1)/(3 - 2)*0. Suppose a + 13 - 20 = j. Let s be (0 - 6)/(3/(-14)). What is the greatest common divisor of s and a?
7
Suppose 3*z - r - 26 + 0 = 0, 4*z = 3*r + 28. Suppose -3*g + 5 = -x - 6, 0 = -2*g + 2*x + 2. Calculate the greatest common factor of z and g.
5
Let d be (-4)/(-8)*-1*7*-2. Calculate the greatest common factor of 7 and d.
7
Suppose 4*d - 16 = -5*k, -7*d = -k - 2*d - 20. Suppose -3*c + 135 = -k*c. What is the highest common factor of c and 5?
5
Suppose -6*h + 22 = -26. Let s(x) = -x**3 - 6*x**2 + 7*x. Let c be s(-7). Let u be 40 + (-2 - (-2 - c)). Calculate the highest common divisor of h and u.
8
Suppose j - g = 11, 4*j - 14 = -0*j - 2*g. Let x be 2 - (3 + -32 + 2). Suppose u - 4*c = 25, 4*u = c + x + 11. What is the greatest common divisor of u and j?
3
Suppose k = 3*c - 14, -3*c - 10 - 1 = 4*k. What is the greatest common factor of 1 and c?
1
Suppose -4*w + w + 108 = 3*i, 4*i - 2*w - 138 = 0. Calculate the greatest common divisor of 5 and i.
5
Suppose 3*h - 96 = 5*m + 11, -h + 3*m + 33 = 0. Suppose -4*p + 4*t + h + 17 = 0, 2*p = 3*t + 29. What is the greatest common factor of p and 143?
13
Let k be (-40)/(-6)*(-6)/15*-3. Calculate the highest common divisor of k and 104.
8
Suppose 2*c - 3*c + 5 = 0, -2*b + c = -29. What is the highest common divisor of 68 and b?
17
Let s(z) = -13*z**3 + 2*z**2 + z. Let j be s(-1). Calculate the greatest common factor of 126 and j.
14
Suppose -3*o + 68 - 23 = 0. What is the greatest common divisor of o and 6?
3
Suppose h + 181 = 2*q + 33, -2*q - 4*h + 128 = 0. What is the greatest common divisor of q and 36?
36
Let h(t) = 12*t**2 - t - 1. Let l be h(-1). What is the highest common factor of 48 and l?
12
Let a be (-110)/(-4)*44/55. Suppose 0 = 2*j + 2*c + c + 5, j - 8 = 2*c. What is the highest common divisor of j and a?
2
Let z = 8 + -13. Let b = 8 + z. Calculate the highest common factor of b and 24.
3
Let k be (1/(1/4))/1. What is the highest common factor of 12 and k?
4
Let c be (-3)/5 - 3639/(-15). What is the greatest common factor of c and 22?
22
Suppose -3*a + 62 = -5*l - 0, 0 = 5*a - 5*l - 110. Calculate the greatest common factor of 3 and a.
3
Let k(l) = 41*l**3 - 2*l**2 + 1. Let n = -3 + 4. Let x be k(n). Let o(h) = -3*h - 8. Let t be o(-6). Calculate the greatest common divisor of x and t.
10
Suppose 0 = 3*h - 4*h + 54. Calculate the greatest common factor of 72 and h.
18
Suppose -6*j = j - 336. Calculate the highest common factor of 6 and j.
6
Let i(x) = -x**2 - 3*x + 3. Let b be i(-4). Let w = b - -22. Calculate the highest common divisor of w and 3.
3
Let w(p) = -p - 12. Let d be w(-4). Let i = d + 20. Calculate the highest common factor of i and 8.
4
Suppose 2 = -l + 16. Calculate the greatest common factor of 35 and l.
7
Let r = 21 + -11. Calculate the greatest common factor of r and 2.
2
Let n be (-114 + 2)*(-24)/28. Calculate the greatest common divisor of n and 12.
12
Let f(n) = n**3 + 7*n**2 + 6*n - 1. Let y be f(-5). Let l = y + -3. Suppose -x + l + 146 = 0. What is the highest common divisor of x and 18?
18
Let t = -6 - -8. Suppose 2*k = -2, -5*k + 55 = 3*m + t*m. What is the greatest common factor of 96 and m?
12
Suppose 3*m - 108 = -3*m. Calculate the greatest common divisor of 9 and m.
9
Suppose -4*p = 25 - 133. Let v = -16 + 43. Let s = v + -9. What is the highest common divisor of p and s?
9
Let k be (-12)/18 - 112/(-6). What is the greatest common factor of 9 and k?
9
Suppose -2*j + 412 = 2*g, 2*g + 204 = 3*g - j. Suppose 4*h - 55 = g. Suppose 150 = 5*v + 4*n, v - 5*v = n - 109. What is the greatest common factor of h and v?
13
Let x = 28 - -23. What is the highest common divisor of x and 34?
17
Let x be (-1066)/(-7) - (-4)/(-14). Suppose -4*w = -4*p + x, 81 = -3*p + 5*p + 3*w. What is the highest common factor of p and 26?
13
Let o be (2/(-2))/((-1)/40). Let j = -8 + o. Let p = -17 - -33. Calculate the highest common divisor of p and j.
16
Suppose l = m + 63, -4*l - 6*m + 234 = -4*m. Suppose 0 = -d - 2*d + 9. Let c be 1 - (d + -2) - -12. Calculate the greatest common divisor of c and l.
12
Let v be 1/2*(-2 + (10 - 4)). Calculate the highest common divisor of v and 14.
2
Suppose -7*u + 1044 - 29 = 0. Calculate the highest common factor of 58 and u.
29
Let o be ((-88)/20 + 4)/(2/(-20)). Calculate the greatest common factor of 28 and o.
4
Suppose -3*v = -4*t + 40, -7 = 2*t + 5*v - 27. What is the highest common factor of 30 and t?
10
Let f(y) = 22 - 2*y**2 + y**2 - 2*y - 16 - 11*y. Let o be f(-13). What is the highest common factor of 12 and o?
6
Suppose -6 - 28 = -5*s - j, 5*s - 5*j - 10 = 0. What is the highest common divisor of s and 48?
6
Suppose 12 = -2*j + 3*m + 91, 0 = -4*j - 2*m + 150. Let z = -84 - -179. What is the greatest common divisor of z and j?
19
Let b(a) = -a - 3. Let r be b(-4). What is the highest common factor of r and 7?
1
Let i(n) = 21 - n - 6 + 2*n. Let r be i(-11). Suppose l + 3*m = 18, r*m + m = -3*l + 38. What is the greatest common divisor of l and 48?
6
Suppose a - 13 = -3*p + 16, 4*a + 49 = 3*p. Let v = p + 0. Calculate the highest common factor of v and 99.
11
Let k = 10 - 45. Let z = k + 53. Let j(a) = -a + 54. Let p be j(0). Calculate the highest common factor of p and z.
18
Suppose -2*z - 4 + 8 = 0. What is the greatest common factor of z and 12?
2
Suppose a = -0*a - 3, 3*o - 51 = -5*a. What is the highest common factor of o and 77?
11
Suppose 2*m + 3*m - 20 = 0, 2*y = -4*m + 160. What is the highest common factor of 9 and y?
9
Let s(d) = -d - 4. Let u be s(-6). Suppose -4*f + u*m = -10, 4 = 2*f + 3*m - 5. What is the greatest common divisor of f and 24?
3
Let w be 4/(-12) + 194/6. What is the greatest common factor of 80 and w?
16
Let j = -2 - 0. Let u(p) be the first derivative of -p**4/4 - p**2/2 - 1. Let h be u(j). What is the greatest common divisor of 2 and h?
2
Let b be ((-7)/2 + 3/1)*-22. What is the greatest common divisor of b and 77?
11
Let m = 4 - -1. Suppose -r - 2*h = r - 110, 85 = r - m*h. Calculate the greatest common factor of r and 15.
15
Let b(x) = 8*x**2 - 4*x + 11. Let n(p) = 7*p**2 - 5*p + 11. Let j(k) = 6*b(k) - 7*n(k). Let w be j(7). What is the highest common factor of w and 34?
17
Let o = 2 + -4. Let j = 4 + o. Suppose 30 = j*d + d. Calculate the greatest common factor of d and 80.
10
Let o be ((-56)/20 + 4)/((-9)/(-60)). Calculate the greatest common factor of 24 and o.
8
Suppose 3*z - 44 = 4*c, -2 = -5*z + 3*c + 75. Calculate the greatest common divisor of 2 and z.
2
Let y = 5 - -110. Calculate the highest common divisor of y and 46.
23
Suppose 2*f + 4*v = -32, -5*v + 3*v = 5*f + 64. Let g = f - -36. What is the greatest common factor of g and 8?
8
Let l be (-39)/(-6) + 1/(-2). Suppose -l*s + 10 = -s. Let n be (-27)/(-2) - s/(-4). What is the greatest common divisor of 21 and n?
7
Let g be -3*(-25)/(-15) + 22. Calculate the greatest common factor of 136 and g.
17
Suppose 20 = 3*s + 5. Let a be (-23)/6 - s/30. Let l be 21/6 - 6/a. What is the highest common divisor of l and 20?
5
Let q(i) = 19*i + 11. Let l be q(7). What is the greatest common divisor of l and 32?
16
Suppose -2*b - 4*a = -20, 0 = -5*b + 4*b + 5*a + 3. Calculate the highest common factor of 20 and b.
4
Let l(r) = 3*r**2 + 2*r - 1. Let f be l(1). Suppose -3*v + 38 = -f*z, 3*v - z - 32 = v. Calculate the highest common factor of v and 6.
6
Let f(z) = 4*z**2 - 2*z. Let i be f(2). Let a = -165 + 45. Let q be a/((3 - 2)/(-1)). What is the highest common factor of i and q?
12
Let t = -2 